 43905056?
5
What is the ten thousands digit of 180149080?
4
What is the millions digit of 101125953?
1
What is the ten thousands digit of 189583648?
8
What is the units digit of 148166062?
2
What is the hundred thousands digit of 1114420151?
4
What is the tens digit of 742858208?
0
What is the thousands digit of 208175094?
5
What is the hundreds digit of 240533352?
3
What is the hundred thousands digit of 35995207?
9
What is the ten thousands digit of 8964259746?
5
What is the tens digit of 2857352530?
3
What is the hundred millions digit of 219235356?
2
What is the ten millions digit of 38136198?
3
What is the tens digit of 174465524?
2
What is the hundred thousands digit of 2036345330?
3
What is the hundreds digit of 59951705?
7
What is the hundred thousands digit of 1531934883?
9
What is the tens digit of 135794336?
3
What is the ten thousands digit of 38983293?
8
What is the tens digit of 423425305?
0
What is the thousands digit of 4108675001?
5
What is the ten thousands digit of 827536017?
3
What is the ten thousands digit of 889216051?
1
What is the hundreds digit of 256097933?
9
What is the millions digit of 8894910?
8
What is the millions digit of 367692869?
7
What is the hundreds digit of 407787163?
1
What is the thousands digit of 261257158?
7
What is the ten millions digit of 4745896599?
4
What is the hundreds digit of 152325228?
2
What is the hundred thousands digit of 2287492474?
4
What is the hundred thousands digit of 112527814?
5
What is the thousands digit of 3472194252?
4
What is the hundred thousands digit of 1091878404?
8
What is the units digit of 1488850275?
5
What is the hundreds digit of 1915443222?
2
What is the hundred millions digit of 172054826?
1
What is the hundred thousands digit of 585873073?
8
What is the ten millions digit of 6706729568?
0
What is the millions digit of 2104792469?
4
What is the ten millions digit of 59138371?
5
What is the hundred millions digit of 315692176?
3
What is the millions digit of 6540496?
6
What is the ten thousands digit of 133132014?
3
What is the ten thousands digit of 2399784486?
8
What is the ten thousands digit of 7328321?
2
What is the hundreds digit of 19512987?
9
What is the hundred thousands digit of 89554151?
5
What is the tens digit of 58532346?
4
What is the tens digit of 101261038?
3
What is the hundreds digit of 833429288?
2
What is the millions digit of 17027078?
7
What is the millions digit of 21155595?
1
What is the ten millions digit of 237838324?
3
What is the hundred thousands digit of 606610064?
6
What is the ten thousands digit of 210988282?
8
What is the ten thousands digit of 2793783060?
8
What is the billions digit of 2189471901?
2
What is the hundred millions digit of 537914972?
5
What is the tens digit of 1587445589?
8
What is the thousands digit of 103050810?
0
What is the millions digit of 193487732?
3
What is the millions digit of 494851061?
4
What is the hundred thousands digit of 2421301056?
3
What is the tens digit of 95059499?
9
What is the hundreds digit of 234465053?
0
What is the ten thousands digit of 216856879?
5
What is the billions digit of 1689444538?
1
What is the hundreds digit of 2211137847?
8
What is the units digit of 678282113?
3
What is the millions digit of 219437833?
9
What is the hundred thousands digit of 7442858807?
8
What is the hundred thousands digit of 322560957?
5
What is the tens digit of 863180842?
4
What is the ten millions digit of 859779612?
5
What is the hundred thousands digit of 777022835?
0
What is the units digit of 297311153?
3
What is the ten millions digit of 39242107?
3
What is the ten thousands digit of 504759978?
5
What is the units digit of 637033699?
9
What is the units digit of 1300209223?
3
What is the ten millions digit of 568060837?
6
What is the hundred millions digit of 518052941?
5
What is the units digit of 35255271?
1
What is the hundred thousands digit of 150164934?
1
What is the hundreds digit of 57251224?
2
What is the hundred millions digit of 1171824920?
1
What is the ten thousands digit of 189048822?
4
What is the tens digit of 270040156?
5
What is the hundred millions digit of 149990902?
1
What is the millions digit of 1096962975?
6
What is the ten thousands digit of 75844372?
4
What is the ten thousands digit of 909016720?
1
What is the hundreds digit of 324304228?
2
What is the millions digit of 547788385?
7
What is the hundred thousands digit of 650125723?
1
What is the units digit of 84406546?
6
What is the ten thousands digit of 221882407?
8
What is the ten thousands digit of 56321223?
2
What is the hundred millions digit of 1209985611?
2
What is the ten thousands digit of 17045444?
4
What is the tens digit of 938784936?
3
What is the hundreds digit of 4259471762?
7
What is the hundreds digit of 808794069?
0
What is the units digit of 5731351408?
8
What is the hundreds digit of 34035352?
3
What is the millions digit of 3466665751?
6
What is the tens digit of 496095833?
3
What is the ten millions digit of 45543437?
4
What is the millions digit of 67785205?
7
What is the hundreds digit of 382602756?
7
What is the millions digit of 1552021727?
2
What is the thousands digit of 28314118?
4
What is the millions digit of 2359492620?
9
What is the hundred millions digit of 356897843?
3
What is the thousands digit of 79007885?
7
What is the tens digit of 3334723?
2
What is the tens digit of 76346071?
7
What is the hundred thousands digit of 506095134?
0
What is the ten millions digit of 3484000852?
8
What is the ten millions digit of 26914950?
2
What is the ten thousands digit of 301187056?
8
What is the hundred thousands digit of 168673620?
6
What is the tens digit of 1323293986?
8
What is the millions digit of 6077001?
6
What is the millions digit of 11205187?
1
What is the hundred thousands digit of 731040908?
0
What is the hundred thousands digit of 5833837798?
8
What is the hundreds digit of 593259053?
0
What is the tens digit of 5129995581?
8
What is the millions digit of 109921927?
9
What is the tens digit of 77614121?
2
What is the tens digit of 2866494848?
4
What is the ten thousands digit of 965888358?
8
What is the ten thousands digit of 24344255?
4
What is the millions digit of 195745420?
5
What is the thousands digit of 1122891217?
1
What is the hundred thousands digit of 1192532270?
5
What is the thousands digit of 21868734?
8
What is the tens digit of 5427725935?
3
What is the ten thousands digit of 53437793?
3
What is the hundred thousands digit of 951848747?
8
What is the hundred thousands digit of 306170673?
1
What is the ten millions digit of 3172425222?
7
What is the hundred thousands digit of 4857775956?
7
What is the hundred millions digit of 5745583168?
7
What is the ten millions digit of 168262490?
6
What is the tens digit of 1851490968?
6
What is the ten millions digit of 1758568719?
5
What is the tens digit of 65774866?
6
What is the ten millions digit of 1178343147?
7
What is the hundreds digit of 48080633?
6
What is the ten millions digit of 22731365?
2
What is the thousands digit of 1690021403?
1
What is the millions digit of 61144159?
1
What is the tens digit of 79696635?
3
What is the tens digit of 4918260422?
2
What is the millions digit of 200677816?
0
What is the thousands digit of 253392493?
2
What is the millions digit of 1187003761?
7
What is the hundreds digit of 450834791?
7
What is the hundreds digit of 1271507921?
9
What is the millions digit of 46935800?
6
What is the ten thousands digit of 76212704?
1
What is the tens digit of 638060300?
0
What is the units digit of 15896730?
0
What is the thousands digit of 4369422975?
2
What is the ten millions digit of 255616958?
5
What is the tens digit of 47080734?
3
What is the ten thousands digit of 6583392?
8
What is the units digit of 154026469?
9
What is the tens digit of 132263316?
1
What is the billions digit of 1456676870?
1
What is the millions digit of 1638149655?
8
What is the thousands digit of 87551523?
1
What is the millions digit of 46588397?
6
What is the units digit of 250980907?
7
What is the tens digit of 1057055186?
8
What is the hundred thousands digit of 5288436?
2
What is the ten millions digit of 4322846408?
2
What is the hundreds digit of 858904881?
8
What is the ten thousands digit 